e thousands digit of 438223728?
3
What is the hundreds digit of 65628818?
8
What is the ten thousands digit of 8883375?
8
What is the hundred thousands digit of 195294518?
2
What is the hundred thousands digit of 8547316?
5
What is the tens digit of 119562846?
4
What is the thousands digit of 1771790701?
0
What is the hundreds digit of 786208441?
4
What is the millions digit of 85434958?
5
What is the hundred millions digit of 264809989?
2
What is the tens digit of 1939522014?
1
What is the units digit of 347268530?
0
What is the hundreds digit of 43055201?
2
What is the billions digit of 2583028399?
2
What is the millions digit of 38894554?
8
What is the units digit of 277600029?
9
What is the hundred millions digit of 814558372?
8
What is the ten thousands digit of 1027211330?
1
What is the thousands digit of 886889435?
9
What is the hundreds digit of 446928316?
3
What is the ten thousands digit of 311870599?
7
What is the ten thousands digit of 7280934320?
3
What is the ten thousands digit of 56716968?
1
What is the millions digit of 1834311945?
4
What is the hundred millions digit of 337540233?
3
What is the ten millions digit of 212686867?
1
What is the hundred thousands digit of 182027075?
0
What is the hundred thousands digit of 2224642245?
6
What is the hundred thousands digit of 117266713?
2
What is the tens digit of 1718373812?
1
What is the hundred millions digit of 1881938381?
8
What is the hundred millions digit of 767947398?
7
What is the hundreds digit of 3914944459?
4
What is the hundreds digit of 4268310761?
7
What is the hundreds digit of 175791771?
7
What is the hundred thousands digit of 785611125?
6
What is the hundred millions digit of 6556061533?
5
What is the ten millions digit of 82943168?
8
What is the millions digit of 422015816?
2
What is the thousands digit of 67855038?
5
What is the hundreds digit of 145637798?
7
What is the units digit of 188661566?
6
What is the ten thousands digit of 36875455?
7
What is the hundred millions digit of 296329047?
2
What is the thousands digit of 19566029?
6
What is the hundreds digit of 582418636?
6
What is the hundred thousands digit of 15793464?
7
What is the hundred thousands digit of 188287295?
2
What is the hundreds digit of 974646801?
8
What is the hundred millions digit of 7266739769?
2
What is the hundred thousands digit of 48115201?
1
What is the ten millions digit of 17096352?
1
What is the ten millions digit of 64852782?
6
What is the ten millions digit of 508580325?
0
What is the units digit of 62301326?
6
What is the ten thousands digit of 149226275?
2
What is the ten millions digit of 20180877?
2
What is the ten thousands digit of 104326159?
2
What is the hundreds digit of 1327078505?
5
What is the hundred thousands digit of 8197885276?
8
What is the ten thousands digit of 6270379?
7
What is the ten millions digit of 375899029?
7
What is the ten millions digit of 41066737?
4
What is the ten millions digit of 24748020?
2
What is the ten thousands digit of 244808172?
0
What is the thousands digit of 119170224?
0
What is the hundred thousands digit of 211994033?
9
What is the thousands digit of 134812119?
2
What is the units digit of 1184525?
5
What is the hundred millions digit of 724142091?
7
What is the units digit of 30309293?
3
What is the tens digit of 42702597?
9
What is the hundred thousands digit of 128305291?
3
What is the units digit of 434191435?
5
What is the tens digit of 6341954707?
0
What is the millions digit of 1575042204?
5
What is the ten millions digit of 15950238?
1
What is the tens digit of 5958805573?
7
What is the hundreds digit of 16927649?
6
What is the ten millions digit of 14206095?
1
What is the hundreds digit of 2636227447?
4
What is the ten thousands digit of 39407283?
0
What is the units digit of 2103133639?
9
What is the hundred thousands digit of 66471095?
4
What is the hundred millions digit of 145328322?
1
What is the hundreds digit of 356755133?
1
What is the hundred thousands digit of 186178865?
1
What is the tens digit of 661875029?
2
What is the ten millions digit of 43902236?
4
What is the hundred thousands digit of 104903517?
9
What is the ten millions digit of 49682352?
4
What is the thousands digit of 53391198?
1
What is the tens digit of 2778560093?
9
What is the units digit of 24209463?
3
What is the hundreds digit of 38624238?
2
What is the millions digit of 48519620?
8
What is the hundred thousands digit of 1290462010?
4
What is the tens digit of 509731918?
1
What is the billions digit of 3597424824?
3
What is the hundred millions digit of 649132113?
6
What is the hundred thousands digit of 208816360?
8
What is the hundred thousands digit of 3619900949?
9
What is the hundred thousands digit of 45082205?
0
What is the units digit of 490124337?
7
What is the units digit of 6554637228?
8
What is the ten millions digit of 830093140?
3
What is the billions digit of 2185828104?
2
What is the hundred thousands digit of 1303023171?
0
What is the hundreds digit of 1583734811?
8
What is the tens digit of 658440998?
9
What is the hundred thousands digit of 356743853?
7
What is the millions digit of 695782844?
5
What is the thousands digit of 1721316567?
6
What is the ten thousands digit of 1671115492?
1
What is the units digit of 17836598?
8
What is the hundred millions digit of 1466863374?
4
What is the millions digit of 51602816?
1
What is the units digit of 18284182?
2
What is the hundred thousands digit of 62440050?
4
What is the hundred thousands digit of 935573593?
5
What is the hundred millions digit of 199888140?
1
What is the hundred thousands digit of 5329291973?
2
What is the ten thousands digit of 59996759?
9
What is the tens digit of 1394031328?
2
What is the millions digit of 333401452?
3
What is the ten thousands digit of 163934701?
3
What is the hundred thousands digit of 295339016?
3
What is the ten thousands digit of 120744967?
4
What is the thousands digit of 2895062143?
2
What is the hundreds digit of 50593630?
6
What is the units digit of 3023897550?
0
What is the tens digit of 78487261?
6
What is the ten millions digit of 127239323?
2
What is the billions digit of 1124108883?
1
What is the hundreds digit of 108765246?
2
What is the hundred thousands digit of 2396561304?
5
What is the hundred thousands digit of 84277523?
2
What is the millions digit of 26015089?
6
What is the tens digit of 200512574?
7
What is the ten thousands digit of 30942856?
4
What is the tens digit of 43817632?
3
What is the hundreds digit of 1734307604?
6
What is the tens digit of 37915209?
0
What is the ten thousands digit of 405799533?
9
What is the ten thousands digit of 43869106?
6
What is the units digit of 121454565?
5
What is the ten thousands digit of 3144608802?
0
What is the ten millions digit of 2113354698?
1
What is the hundred millions digit of 200347508?
2
What is the millions digit of 2758402915?
8
What is the hundred millions digit of 5165838579?
1
What is the hundreds digit of 90467416?
4
What is the ten millions digit of 110262564?
1
What is the hundreds digit of 1212570116?
1
What is the thousands digit of 2386722863?
2
What is the millions digit of 21772960?
1
What is the hundreds digit of 808130129?
1
What is the units digit of 133360603?
3
What is the hundreds digit of 871515594?
5
What is the tens digit of 30585426?
2
What is the tens digit of 4595857002?
0
What is the hundred thousands digit of 4506804210?
8
What is the units digit of 206240607?
7
What is the millions digit of 4847738918?
7
What is the ten thousands digit of 48622335?
2
What is the ten thousands digit of 267053363?
5
What is the thousands digit of 2187639828?
9
What is the hundreds digit of 26649667?
6
What is the thousands digit of 741876770?
6
What is the ten thousands digit of 409304041?
0
What is the tens digit of 24873225?
2
What is the ten millions digit of 11037478?
1
What is the hundred thousands digit of 451301370?
3
What is the billions digit of 6741250761?
6
What is the tens digit of 37064596?
9
What is the millions digit of 243309077?
3
What is the hundreds digit of 405910218?
2
What is the hundreds digit of 3620583469?
4
What is the ten millions digit of 46517241?
4
What is the thousands digit of 57213275?
3
What is the ten thousa